 is l(26)?
18
Let l(d) = -d**3 + 38*d**2 - 371*d - 6. What is l(19)?
-196
Let u(s) = s**3 + 11*s**2 - 29*s - 439. Give u(-8).
-15
Let m(j) = 377*j**2 - 15440*j - 633. Calculate m(41).
64
Let s(m) = -235*m**2 + 18093*m + 42. Calculate s(77).
-112
Let n(g) = -g**3 + 139*g**2 - 185*g + 6806. Calculate n(138).
320
Let a(h) = 4*h**3 - 147*h**2 - 138*h + 265. Determine a(38).
2241
Let s(q) = q**3 - 143*q**2 + 1445*q + 264. Calculate s(132).
-660
Let o(b) = -2701*b**2 - 273*b - 267. Determine o(-1).
-2695
Let z(x) = -x**3 + 40*x**2 + 512*x + 2496. Calculate z(51).
-3
Let k(a) = -41*a**3 - 10332*a**2 - 60*a - 15126. What is k(-252)?
-6
Let r(f) = -31*f**3 + 217*f**2 - 125*f + 903. What is r(7)?
28
Let b(i) = 1647*i - 38017. Give b(23).
-136
Let y(x) = 2*x**2 - 1446*x - 960121. What is y(1143)?
-1
Let j(p) = 5842*p**2 + 5415*p. Determine j(-1).
427
Let p(j) = -387151*j + 1935799. Calculate p(5).
44
Let t(u) = 2*u**3 - 55*u**2 + 260*u + 903. Determine t(10).
3
Let k(h) = -4*h**2 + 66*h - 226. What is k(6)?
26
Let v(f) = -29*f**3 + 17*f**2 - 124*f + 165. Give v(2).
-247
Let c(p) = 2*p**3 - 1616*p**2 + 138*p - 111503. What is c(808)?
1
Let j(y) = y**2 - 29*y - 533. Calculate j(-12).
-41
Let d(f) = -107*f - 217. Determine d(4).
-645
Let i(x) = -296*x**2 - 4196*x - 133. What is i(-14)?
595
Let m(a) = -4*a**2 + 1429*a - 1433. What is m(1)?
-8
Let b(f) = -9722*f + 437483. Determine b(45).
-7
Let f(y) = -2*y**3 + 42*y**2 - 1708*y + 30988. Determine f(19).
-20
Let q(l) = -4*l**3 + 288*l**2 - 4528*l + 1003. What is q(49)?
23
Let d(p) = -15*p**2 - 123*p - 838. Calculate d(-8).
-814
Let m(l) = 16958*l - 712307. Give m(42).
-71
Let v(y) = 68*y**3 - 2*y**2 - 4980*y + 14962. Calculate v(3).
1840
Let y(u) = 82*u**3 - 18*u**2 + 2*u - 6. Determine y(-2).
-738
Let y(c) = 2*c**3 + 419*c**2 + 185*c - 1738. What is y(-209)?
3278
Let d(m) = -m**3 - 205*m**2 + 197*m - 1889. Give d(-206).
-35
Let d(a) = -68*a - 2086. Calculate d(-45).
974
Let t(f) = f**2 - 158*f - 25480. What is t(258)?
320
Let b(i) = 9363169*i + 65542185. Determine b(-7).
2
Let g(h) = h**2 + 63809*h - 255245. What is g(4)?
7
Let m(p) = 9508*p - 133116. What is m(14)?
-4
Let g(p) = 47*p**2 - 1309*p - 6216. What is g(32)?
24
Let v(q) = 3*q**2 + 67752*q + 135500. Determine v(-2).
8
Let z(o) = 2673*o + 23229. Calculate z(-9).
-828
Let m(i) = 5471*i + 21913. What is m(-4)?
29
Let v(l) = 7*l**2 - 40*l - 2. Calculate v(9).
205
Let z(p) = p**2 + 68*p - 24011. Calculate z(-193).
114
Let h(k) = 1532*k + 91920. Calculate h(-60).
0
Let u(w) = 640*w - 173412. Calculate u(271).
28
Let n(s) = -421*s**2 + 4269*s - 632. What is n(10)?
-42
Let p(a) = -1447*a**2 - 23056*a - 14. Give p(-16).
-1550
Let j(y) = 4840*y + 87355. Calculate j(-18).
235
Let a(f) = -2*f**3 + 84*f**2 - 368*f + 111. What is a(37)?
185
Let p(h) = -h**2 - 260*h + 10908. Determine p(-297).
-81
Let c(r) = 30*r**3 - 66*r**2 - 22*r + 43. What is c(2)?
-25
Let o(f) = -6*f**2 - 41*f + 166. What is o(3)?
-11
Let k(r) = -5*r**2 + 6884*r - 41343. Give k(6).
-219
Let l(r) = -1124*r + 190. Calculate l(1).
-934
Let v(c) = -9*c**3 - 195*c**2 - 119*c + 269. Calculate v(-21).
122
Let x(h) = 220*h**2 - 1579*h + 8. Calculate x(7).
-265
Let q(z) = -33*z**2 - 444*z - 999. Determine q(-11).
-108
Let k(i) = -5*i**3 - 1942*i**2 - 775*i + 351. What is k(-388)?
-37
Let j(a) = a**3 - 23*a**2 + 244*a - 5823. Determine j(23).
-211
Let x(n) = 46*n**2 + 19577*n - 39324. Determine x(2).
14
Let o(p) = -8776*p + 1088221. Calculate o(124).
-3
Let g(k) = -99*k**3 + 17522*k**2 + 173*k + 717. What is g(177)?
9
Let i(t) = 2207671*t - 11038366. Give i(5).
-11
Let v(z) = -z**2 + 199*z + 5279. Determine v(-26).
-571
Let f(z) = -13231*z + 674781. Give f(51).
0
Let y(g) = -4182*g - 5989. Give y(-2).
2375
Let c(t) = -6*t**3 - 68*t**2 - 204*t - 43. What is c(-8)?
309
Let c(x) = -x**3 - 213*x**2 - 936*x + 21630. What is c(-208)?
-2
Let u(h) = h**3 - 24*h**2 + 113*h + 235. Calculate u(16).
-5
Let d(m) = 6*m**3 - 4614*m**2 + 26*m - 19995. What is d(769)?
-1
Let b(k) = 7*k**3 - 631*k**2 + 90*k + 54. Calculate b(90).
54
Let b(x) = 158842*x + 794218. Determine b(-5).
8
Let y(g) = -2*g**2 + 67*g + 796. Give y(39).
367
Let l(n) = -953*n - 6413. Determine l(-5).
-1648
Let c(n) = -6*n**3 + 87*n**2 + 154*n - 2607. What is c(14)?
137
Let b(k) = 15*k**3 - 17*k**2 + 614*k - 598. Determine b(1).
14
Let x(t) = -3*t**2 + 391*t + 19498. Give x(-43).
-2862
Let y(v) = -16*v**2 - 1864*v + 1020. Calculate y(-117).
84
Let u(f) = f**3 - 7*f**2 - 7069*f + 70399. Determine u(10).
9
Let b(f) = 2298*f - 12142. Calculate b(3).
-5248
Let z(x) = -789*x**2 + 1911*x - 647. Calculate z(2).
19
Let x(m) = 2539*m - 66261. What is x(26)?
-247
Let p(c) = -c**3 + 35*c**2 - 657*c + 5045. Give p(14).
-37
Let b(n) = -114*n**2 + 65*n + 10. Give b(-2).
-576
Let g(q) = 5*q**2 + 215*q - 408. Give g(2).
42
Let y(p) = -5*p**3 - 2610*p**2 - 2*p - 1052. Determine y(-522).
-8
Let l(n) = -5*n**2 - 207*n + 12642. Calculate l(-75).
42
Let p(h) = 10*h**3 + 37*h**2 + 23*h + 61. Give p(-3).
55
Let b(g) = 250*g**2 - 43*g - 1. Determine b(-2).
1085
Let j(h) = h**2 + 6028*h + 310752. Calculate j(-52).
0
Let z(i) = -4942*i + 118221. What is z(24)?
-387
Let a(d) = -1080*d - 117273. Calculate a(-109).
447
Let o(t) = t**3 + 13*t**2 + 7662*t + 156022. Determine o(-20).
-18
Let a(m) = m**3 + 21*m**2 + 591*m + 8874. Give a(-17).
-17
Let u(w) = 20*w**2 - 41*w - 75. Calculate u(-2).
87
Let o(q) = 2*q**3 + 210*q**2 - 6*q - 418. Calculate o(-105).
212
Let z(o) = 190*o + 3353. Determine z(-21).
-637
Let w(o) = -78580*o - 78378. What is w(-1)?
202
Let g(p) = -11841*p - 118381. Calculate g(-10).
29
Let r(n) = 11*n**3 - 436*n**2 - 68*n + 13310. Calculate r(39).
11
Let t(i) = i**3 + 77*i**2 - 386*i - 4998. Calculate t(-81).
24
Let u(o) = -o**3 - 65*o**2 + 75*o - 765. What is u(-67)?
3188
Let s(q) = -3*q**2 + 61819*q - 494381. Determine s(8).
-21
Let a(x) = -790*x + 5668. What is a(7)?
138
Let y(i) = -76327*i - 610620. Calculate y(-8).
-4
Let g(d) = 246*d**3 - 210*d**2 + 346*d + 146. Calculate g(2).
1966
Let b(d) = 3*d**3 - 352*d**2 - 394*d + 18671. Give b(118).
27
Let h(m) = 18491*m - 129639. What is h(7)?
-202
Let p(r) = -r**2 + 13451*r - 576552. Calculate p(43).
-8
Let q(d) = d**3 + 24*d**2 + 5523*d + 114658. Determine q(-21).
-2
Let f(p) = -97*p**3 + 49*p**2 + 87*p - 12. Determine f(-2).
786
Let y(v) = -30*v**3 - 11*v**2 - 31*v - 1. Give y(3).
-1003
Let g(c) = 6963*c - 34793. Determine g(5).
22
Let x(l) = 2882*l + 88353. Determine x(-31).
-989
Let w(z) = 100*z**2 - 655*z - 4252. Calculate w(-4).
-32
Let t(m) = 18*m**3 + 971*m**2 - 26*m + 1668. Give t(-54).
156
Let p(g) = 85*g**2 - 225*g + 4. Give p(3).
94
Let b(x) = -421*x + 15490. Give b(37).
-87
Let x(i) = -2*i**2 - 120*i - 807. Calculate x(-49).
271
Let b(v) = v**3 + v**2 + 755*v + 1516. Calculate b(-2).
2
Let s(r) = 79*r**2 - 179*r - 15. What is s(0)?
-15
Let n(o) = o**3 - 68*o**2 - 129*o - 599. Give n(70).
171
Let x(w) = -1309*w**2 + 275*w - 276. Determine x(1).
-1310
Let b(w) = 1003*w - 20015. Give b(23).
3054
Let k(v) = 434*v + 15015. Determine k(-36).
-609
Let g(q) = q**2 - 165*q + 4741. Determine g(128).
5
Let a(l) = -2*l**2 + 150*l + 367. Determine a(67).
1439
Let o(d) = 9*d**2 - 39*d - 349. What is o(-15)?
2261
Let f(n) = -62*n**3 + 753*n**2 - 109*n + 26. Determine f(12).
14
Let o(z) = 187*z**3 - 2*z**2 + 16*z - 12. Determine o(2).
1508
Let n(p) = 4096*p - 102255. Calculate n(25).
145
Let b(s) = 639*s**2 - 5299*s + 32. Calculate b(9).
4100
Let q(r) = r**3 + 85*r**2 - 164*r + 8794. Determine q(-88).
-6
Let l(t) = -t**3 + 40*t**2 - 315*t - 4. Calculate l(29).
112
Let i(h) = -19*h**3 + 72*h**2 + 34*h - 50. Calculate i(4).
22
Let j(w) = 6*w**2 - 714*w - 66. What is j(119)?
-66
Let v(r) = -3*r**2 - 9227*r + 449809. Give v(48).
1
Let p(d) = 2417*d - 68458. Calculate p(28).
-782
Let q(l) = -8*l**3 - 124*l**2 - 170*l - 1650. Give q(-15).
0
Let s(m) = 644*m**3 - 5793*m**2 - 12*m - 128. What is s(9)?
7
Let z(o) = -10*o**2 - 72*o - 1047. Calculate z(-7).
-1033
Let y(f) = -72856*f - 1384262. Calculate y(-19).
2
Let n(k) = 5*k**2 + 410*k - 8421. Give n(17).
-6
Let r(p) = 19*p**3 + 2*p**2 - 3416*p + 10256. Calculate r(3).
539
Let c(t) = -4*t**2 - 3666*t - 32665. Determine c(-9).
5
Let u(x) = -x**3 - 711*x**2 - 7128*x - 82